{"id":10,"date":"2018-05-17T07:05:14","date_gmt":"2018-05-17T07:05:14","guid":{"rendered":"http:\/\/oekologische-gutachten-handke.de\/?page_id=10"},"modified":"2026-04-26T14:14:13","modified_gmt":"2026-04-26T14:14:13","slug":"unser-team","status":"publish","type":"page","link":"http:\/\/oekologische-gutachten-handke.de\/?page_id=10","title":{"rendered":"Team"},"content":{"rendered":"<h2><strong>Unser Team<\/strong><\/h2>\n<p><img loading=\"lazy\" class=\" wp-image-568 alignleft\" src=\"http:\/\/oekologische-gutachten-handke.de\/wp-content\/uploads\/2026\/04\/IMG_0092-300x225.jpg\" alt=\"\" width=\"335\" height=\"251\" srcset=\"http:\/\/oekologische-gutachten-handke.de\/wp-content\/uploads\/2026\/04\/IMG_0092-300x225.jpg 300w, http:\/\/oekologische-gutachten-handke.de\/wp-content\/uploads\/2026\/04\/IMG_0092-1024x768.jpg 1024w, http:\/\/oekologische-gutachten-handke.de\/wp-content\/uploads\/2026\/04\/IMG_0092-768x576.jpg 768w, http:\/\/oekologische-gutachten-handke.de\/wp-content\/uploads\/2026\/04\/IMG_0092-1536x1152.jpg 1536w, http:\/\/oekologische-gutachten-handke.de\/wp-content\/uploads\/2026\/04\/IMG_0092-2048x1536.jpg 2048w\" sizes=\"(max-width: 335px) 100vw, 335px\" \/><\/p>\n<h2><span style=\"color: #008000;\">Firmeninhaber<\/span><\/h2>\n<h4><strong>PD Dr. Klaus Handke<\/strong><\/h4>\n<p><img loading=\"lazy\" class=\"alignnone wp-image-199 \" src=\"http:\/\/oekologische-gutachten-handke.de\/wp-content\/uploads\/2017\/07\/Klaus-Homepage141028-e1639484737622.jpg\" alt=\"\" width=\"175\" height=\"175\" srcset=\"http:\/\/oekologische-gutachten-handke.de\/wp-content\/uploads\/2017\/07\/Klaus-Homepage141028-e1639484737622.jpg 141w, http:\/\/oekologische-gutachten-handke.de\/wp-content\/uploads\/2017\/07\/Klaus-Homepage141028-e1639484737622-100x100.jpg 100w\" sizes=\"(max-width: 175px) 100vw, 175px\" \/><\/p>\n<ul>\n<li>Diplom-Landschafts\u00f6kologe, Studium an den Universit\u00e4ten<br \/>Saarbr\u00fccken und M\u00fcnster (Schwerpunkt Biogeographie,<br \/>Landschafts\u00f6kologie, Geographie, Botanik, Zoologie)<\/li>\n<li>Promotion an der WWU M\u00fcnster 1993<\/li>\n<li>Habilitation an der Universit\u00e4t f\u00fcr Bodenkultur in Wien 2003<\/li>\n<\/ul>\n<h5>Mitgliedschaften<\/h5>\n<ul>\n<li>Gr\u00fcndungsmitglied des Aktionsb\u00fcndnis Ganderkesee \u2013<br \/>Prima Klima<\/li>\n<li>Redaktionsmitglied der Zeitschriften &#8222;Naturschutz und<br \/>Landschaftsplanung&#8220;, &#8222;Bremer Beitr\u00e4ge f\u00fcr Naturkunde<br \/>und Naturschutz&#8220; und &#8222;Angewandte Carabidologie&#8220;<\/li>\n<li>Gr\u00fcndungsmitglied und Vorstandsvorsitzender des<br \/>Fuhrenkamp-Schutzvereins bis 2018<\/li>\n<li>Mitglied des Runden Tisches Natur in Ganderkesee<\/li>\n<li>Mitglied des Rotary Clubs Hude-Oldenburg<\/li>\n<\/ul>\n<h2><span style=\"color: #008000;\">Mitinhaberin<\/span><\/h2>\n<h4><strong>Pia Handke<\/strong><\/h4>\n<p><img loading=\"lazy\" class=\"alignnone  wp-image-200\" src=\"http:\/\/oekologische-gutachten-handke.de\/wp-content\/uploads\/2017\/07\/Pia-Homepage141028-e1639484774301.jpg\" alt=\"\" width=\"175\" height=\"175\" srcset=\"http:\/\/oekologische-gutachten-handke.de\/wp-content\/uploads\/2017\/07\/Pia-Homepage141028-e1639484774301.jpg 141w, http:\/\/oekologische-gutachten-handke.de\/wp-content\/uploads\/2017\/07\/Pia-Homepage141028-e1639484774301-100x100.jpg 100w\" sizes=\"(max-width: 175px) 100vw, 175px\" \/><\/p>\n<ul>\n<li>Diplom-Landschafts\u00f6kologin, Studium an den Universit\u00e4ten<br \/>Saarbr\u00fccken und M\u00fcnster (Schwerpunkt: Biogeographie,<br \/>Landschafts\u00f6kologie, Geographie, Botanik, Zoologie)<\/li>\n<li>Diplom 1985<\/li>\n<li>Fachgebiete: B\u00fcroorganisation, Projektmanagement, Fotografie,<br \/>sehr gute Sprachkenntnisse in Spanisch und Franz\u00f6sisch<\/li>\n<\/ul>\n<h5>Mitgliedschaften:<\/h5>\n<ul>\n<li>Gr\u00fcndungsmitglied des Rotary Clubs Hude-Oldenburg 2017<\/li>\n<\/ul>\n<h2><span style=\"color: #008000;\">Mitarbeiter<\/span><\/h2>\n<h4><strong>Imke Janssen<\/strong><\/h4>\n<p><img loading=\"lazy\" class=\"alignnone  wp-image-240\" src=\"http:\/\/oekologische-gutachten-handke.de\/wp-content\/uploads\/2018\/04\/Foto_Imke-e1639485070708-300x300.jpg\" alt=\"\" width=\"175\" height=\"175\" srcset=\"http:\/\/oekologische-gutachten-handke.de\/wp-content\/uploads\/2018\/04\/Foto_Imke-e1639485070708-300x300.jpg 300w, http:\/\/oekologische-gutachten-handke.de\/wp-content\/uploads\/2018\/04\/Foto_Imke-e1639485070708-150x150.jpg 150w, http:\/\/oekologische-gutachten-handke.de\/wp-content\/uploads\/2018\/04\/Foto_Imke-e1639485070708-768x768.jpg 768w, http:\/\/oekologische-gutachten-handke.de\/wp-content\/uploads\/2018\/04\/Foto_Imke-e1639485070708-1024x1024.jpg 1024w, http:\/\/oekologische-gutachten-handke.de\/wp-content\/uploads\/2018\/04\/Foto_Imke-e1639485070708-100x100.jpg 100w\" sizes=\"(max-width: 175px) 100vw, 175px\" \/><\/p>\n<ul>\n<li>B.Sc. Umweltwissenschaften Uni Oldenburg 2015<\/li>\n<li>Angebotserstellung<\/li>\n<li>B\u00fcroorganisation<\/li>\n<li>Ornithologische Kartierungen<\/li>\n<li>Amphibienkartierung<\/li>\n<li>GIS<\/li>\n<\/ul>\n<h4><strong>Margarethe Arnswald<\/strong><\/h4>\n<p><img loading=\"lazy\" class=\"alignnone  wp-image-348\" src=\"http:\/\/oekologische-gutachten-handke.de\/wp-content\/uploads\/2020\/09\/foto_Margarethe_2020_09_15-e1639485242518-300x300.jpg\" alt=\"\" width=\"175\" height=\"175\" srcset=\"http:\/\/oekologische-gutachten-handke.de\/wp-content\/uploads\/2020\/09\/foto_Margarethe_2020_09_15-e1639485242518-300x300.jpg 300w, http:\/\/oekologische-gutachten-handke.de\/wp-content\/uploads\/2020\/09\/foto_Margarethe_2020_09_15-e1639485242518-150x150.jpg 150w, http:\/\/oekologische-gutachten-handke.de\/wp-content\/uploads\/2020\/09\/foto_Margarethe_2020_09_15-e1639485242518-768x768.jpg 768w, http:\/\/oekologische-gutachten-handke.de\/wp-content\/uploads\/2020\/09\/foto_Margarethe_2020_09_15-e1639485242518-1024x1024.jpg 1024w, http:\/\/oekologische-gutachten-handke.de\/wp-content\/uploads\/2020\/09\/foto_Margarethe_2020_09_15-e1639485242518-100x100.jpg 100w\" sizes=\"(max-width: 175px) 100vw, 175px\" \/><\/p>\n<ul>\n<li>B.Sc. Uni M\u00fcnster 2020<\/li>\n<li>Personaleinteilung, Projektmangement, Angebotserstellung<\/li>\n<li>B\u00fcroorganisation<\/li>\n<li>Ornithologische Kartierungen<\/li>\n<li>Raumnutzungsuntersuchungen<\/li>\n<li>GIS<\/li>\n<\/ul>\n<h4>Fry Seyen<\/h4>\n<p><img loading=\"lazy\" class=\"alignnone  wp-image-458\" src=\"http:\/\/oekologische-gutachten-handke.de\/wp-content\/uploads\/2022\/01\/Freya-e1641305384138-300x300.jpg\" alt=\"\" width=\"175\" height=\"175\" srcset=\"http:\/\/oekologische-gutachten-handke.de\/wp-content\/uploads\/2022\/01\/Freya-e1641305384138-300x300.jpg 300w, http:\/\/oekologische-gutachten-handke.de\/wp-content\/uploads\/2022\/01\/Freya-e1641305384138-150x150.jpg 150w, http:\/\/oekologische-gutachten-handke.de\/wp-content\/uploads\/2022\/01\/Freya-e1641305384138-768x768.jpg 768w, http:\/\/oekologische-gutachten-handke.de\/wp-content\/uploads\/2022\/01\/Freya-e1641305384138-1024x1024.jpg 1024w, http:\/\/oekologische-gutachten-handke.de\/wp-content\/uploads\/2022\/01\/Freya-e1641305384138.jpg 1208w, http:\/\/oekologische-gutachten-handke.de\/wp-content\/uploads\/2022\/01\/Freya-e1641305384138-100x100.jpg 100w\" sizes=\"(max-width: 175px) 100vw, 175px\" \/><\/p>\n<ul>\n<li>M.Sc. Landschafts\u00f6kologie Uni Oldenburg<\/li>\n<li>Ornithologische Kartierungen<\/li>\n<li>Raumnutzungsuntersuchungen<\/li>\n<li>GIS<\/li>\n<\/ul>\n<h4>Bennet Rasche<\/h4>\n<p>\u00a0<\/p>\n<p><img loading=\"lazy\" class=\"alignnone  wp-image-239\" src=\"http:\/\/oekologische-gutachten-handke.de\/wp-content\/uploads\/2018\/04\/Foto_Bennet-e1646134990144-300x300.jpg\" alt=\"\" width=\"176\" height=\"176\" srcset=\"http:\/\/oekologische-gutachten-handke.de\/wp-content\/uploads\/2018\/04\/Foto_Bennet-e1646134990144-300x300.jpg 300w, http:\/\/oekologische-gutachten-handke.de\/wp-content\/uploads\/2018\/04\/Foto_Bennet-e1646134990144-150x150.jpg 150w, http:\/\/oekologische-gutachten-handke.de\/wp-content\/uploads\/2018\/04\/Foto_Bennet-e1646134990144-768x768.jpg 768w, http:\/\/oekologische-gutachten-handke.de\/wp-content\/uploads\/2018\/04\/Foto_Bennet-e1646134990144-1024x1024.jpg 1024w, http:\/\/oekologische-gutachten-handke.de\/wp-content\/uploads\/2018\/04\/Foto_Bennet-e1646134990144-100x100.jpg 100w\" sizes=\"(max-width: 176px) 100vw, 176px\" \/><\/p>\n<ul>\n<li>M. Sc. Landschafts\u00f6kologie 2019 Uni Oldenburg<\/li>\n<li>Faunistische Kartierungen (V\u00f6gel, Amphibien, Reptilien, Laufk\u00e4fer, Libellen)<\/li>\n<li>Umweltfachliche Planunterlagen<\/li>\n<li>GIS<\/li>\n<\/ul>\n<p><strong>Leonard Breil<\/strong><\/p>\n<p><img loading=\"lazy\" class=\"wp-image-508 alignleft\" src=\"http:\/\/oekologische-gutachten-handke.de\/wp-content\/uploads\/2023\/05\/20230531_144907-300x256.jpg\" alt=\"\" width=\"178\" height=\"152\" srcset=\"http:\/\/oekologische-gutachten-handke.de\/wp-content\/uploads\/2023\/05\/20230531_144907-300x256.jpg 300w, http:\/\/oekologische-gutachten-handke.de\/wp-content\/uploads\/2023\/05\/20230531_144907-1024x875.jpg 1024w, http:\/\/oekologische-gutachten-handke.de\/wp-content\/uploads\/2023\/05\/20230531_144907-768x657.jpg 768w, http:\/\/oekologische-gutachten-handke.de\/wp-content\/uploads\/2023\/05\/20230531_144907-1536x1313.jpg 1536w, http:\/\/oekologische-gutachten-handke.de\/wp-content\/uploads\/2023\/05\/20230531_144907-2048x1751.jpg 2048w\" sizes=\"(max-width: 178px) 100vw, 178px\" \/><\/p>\n<p>\u00a0<\/p>\n<p>\u00a0<\/p>\n<ul>\n<li>B.Sc. Landschafts\u00f6kologie Uni M\u00fcnster<\/li>\n<li>Ornithologische Kartierungen<\/li>\n<li>Raumnutzungsuntersuchungen<\/li>\n<li>GIS<\/li>\n<\/ul>\n<p><strong>Ronja M\u00fcller<\/strong><\/p>\n<p><img loading=\"lazy\" class=\" wp-image-565 alignleft\" src=\"http:\/\/oekologische-gutachten-handke.de\/wp-content\/uploads\/2026\/03\/Ronja_Mueeller-278x300.jpg\" alt=\"\" width=\"173\" height=\"187\" srcset=\"http:\/\/oekologische-gutachten-handke.de\/wp-content\/uploads\/2026\/03\/Ronja_Mueeller-278x300.jpg 278w, http:\/\/oekologische-gutachten-handke.de\/wp-content\/uploads\/2026\/03\/Ronja_Mueeller-949x1024.jpg 949w, http:\/\/oekologische-gutachten-handke.de\/wp-content\/uploads\/2026\/03\/Ronja_Mueeller-768x829.jpg 768w, http:\/\/oekologische-gutachten-handke.de\/wp-content\/uploads\/2026\/03\/Ronja_Mueeller-1423x1536.jpg 1423w, http:\/\/oekologische-gutachten-handke.de\/wp-content\/uploads\/2026\/03\/Ronja_Mueeller-1897x2048.jpg 1897w\" sizes=\"(max-width: 173px) 100vw, 173px\" \/><\/p>\n<p>\u00a0<\/p>\n<p>\u00a0<\/p>\n<p>\u00a0<\/p>\n<p>\u00a0<\/p>\n<p>\u00a0<\/p>\n<ul>\n<li>B.Sc. Umweltwissenschaften Uni Bielefeld<\/li>\n<li>Ornithologische Kartierungen<\/li>\n<li>Raumnutzungsuntersuchungen<\/li>\n<li>GIS<\/li>\n<\/ul>\n<h2><span style=\"color: #008000;\">Freie Mitarbeiter<\/span><\/h2>\n<h4>Christian Borowski (EDV)<\/h4>\n<h4>Axel Bellmann, Bremen (K\u00e4fer)<\/h4>\n\n\n<p><\/p>\n","protected":false},"excerpt":{"rendered":"<p>Unser Team Firmeninhaber PD Dr. Klaus Handke Diplom-Landschafts\u00f6kologe, Studium an den Universit\u00e4tenSaarbr\u00fccken und M\u00fcnster (Schwerpunkt Biogeographie,Landschafts\u00f6kologie, Geographie, Botanik, Zoologie) Promotion an der WWU M\u00fcnster 1993 Habilitation an der Universit\u00e4t f\u00fcr Bodenkultur in Wien 2003 Mitgliedschaften Gr\u00fcndungsmitglied des Aktionsb\u00fcndnis Ganderkesee \u2013Prima Klima Redaktionsmitglied der Zeitschriften &#8222;Naturschutz undLandschaftsplanung&#8220;, &#8222;Bremer Beitr\u00e4ge f\u00fcr Naturkundeund Naturschutz&#8220; und &#8222;Angewandte Carabidologie&#8220; Gr\u00fcndungsmitglied &hellip; <\/p>\n<p class=\"link-more\"><a href=\"http:\/\/oekologische-gutachten-handke.de\/?page_id=10\" class=\"more-link\"><span class=\"screen-reader-text\">\u201eTeam\u201c<\/span> weiterlesen<\/a><\/p>\n","protected":false},"author":1,"featured_media":0,"parent":0,"menu_order":0,"comment_status":"closed","ping_status":"closed","template":"","meta":[],"_links":{"self":[{"href":"http:\/\/oekologische-gutachten-handke.de\/index.php?rest_route=\/wp\/v2\/pages\/10"}],"collection":[{"href":"http:\/\/oekologische-gutachten-handke.de\/index.php?rest_route=\/wp\/v2\/pages"}],"about":[{"href":"http:\/\/oekologische-gutachten-handke.de\/index.php?rest_route=\/wp\/v2\/types\/page"}],"author":[{"embeddable":true,"href":"http:\/\/oekologische-gutachten-handke.de\/index.php?rest_route=\/wp\/v2\/users\/1"}],"replies":[{"embeddable":true,"href":"http:\/\/oekologische-gutachten-handke.de\/index.php?rest_route=%2Fwp%2Fv2%2Fcomments&post=10"}],"version-history":[{"count":77,"href":"http:\/\/oekologische-gutachten-handke.de\/index.php?rest_route=\/wp\/v2\/pages\/10\/revisions"}],"predecessor-version":[{"id":569,"href":"http:\/\/oekologische-gutachten-handke.de\/index.php?rest_route=\/wp\/v2\/pages\/10\/revisions\/569"}],"wp:attachment":[{"href":"http:\/\/oekologische-gutachten-handke.de\/index.php?rest_route=%2Fwp%2Fv2%2Fmedia&parent=10"}],"curies":[{"name":"wp","href":"https:\/\/api.w.org\/{rel}","templated":true}]}}

<h2><strong>Unser Team</strong></h2>
<p><img loading="lazy" class=" wp-image-568 alignleft" src="http://oekologische-gutachten-handke.de/wp-content/uploads/2026/04/IMG_0092-300x225.jpg" alt="" width="335" height="251" srcset="http://oekologische-gutachten-handke.de/wp-content/uploads/2026/04/IMG_0092-300x225.jpg 300w, http://oekologische-gutachten-handke.de/wp-content/uploads/2026/04/IMG_0092-1024x768.jpg 1024w, http://oekologische-gutachten-handke.de/wp-content/uploads/2026/04/IMG_0092-768x576.jpg 768w, http://oekologische-gutachten-handke.de/wp-content/uploads/2026/04/IMG_0092-1536x1152.jpg 1536w, http://oekologische-gutachten-handke.de/wp-content/uploads/2026/04/IMG_0092-2048x1536.jpg 2048w" sizes="(max-width: 335px) 100vw, 335px" /></p>
<h2><span style="color: #008000;">Firmeninhaber</span></h2>
<h4><strong>PD Dr. Klaus Handke</strong></h4>
<p><img loading="lazy" class="alignnone wp-image-199 " src="http://oekologische-gutachten-handke.de/wp-content/uploads/2017/07/Klaus-Homepage141028-e1639484737622.jpg" alt="" width="175" height="175" srcset="http://oekologische-gutachten-handke.de/wp-content/uploads/2017/07/Klaus-Homepage141028-e1639484737622.jpg 141w, http://oekologische-gutachten-handke.de/wp-content/uploads/2017/07/Klaus-Homepage141028-e1639484737622-100x100.jpg 100w" sizes="(max-width: 175px) 100vw, 175px" /></p>
<ul>
<li>Diplom-Landschaftsökologe, Studium an den Universitäten<br />Saarbrücken und Münster (Schwerpunkt Biogeographie,<br />Landschaftsökologie, Geographie, Botanik, Zoologie)</li>
<li>Promotion an der WWU Münster 1993</li>
<li>Habilitation an der Universität für Bodenkultur in Wien 2003</li>
</ul>
<h5>Mitgliedschaften</h5>
<ul>
<li>Gründungsmitglied des Aktionsbündnis Ganderkesee –<br />Prima Klima</li>
<li>Redaktionsmitglied der Zeitschriften &#8222;Naturschutz und<br />Landschaftsplanung&#8220;, &#8222;Bremer Beiträge für Naturkunde<br />und Naturschutz&#8220; und &#8222;Angewandte Carabidologie&#8220;</li>
<li>Gründungsmitglied und Vorstandsvorsitzender des<br />Fuhrenkamp-Schutzvereins bis 2018</li>
<li>Mitglied des Runden Tisches Natur in Ganderkesee</li>
<li>Mitglied des Rotary Clubs Hude-Oldenburg</li>
</ul>
<h2><span style="color: #008000;">Mitinhaberin</span></h2>
<h4><strong>Pia Handke</strong></h4>
<p><img loading="lazy" class="alignnone  wp-image-200" src="http://oekologische-gutachten-handke.de/wp-content/uploads/2017/07/Pia-Homepage141028-e1639484774301.jpg" alt="" width="175" height="175" srcset="http://oekologische-gutachten-handke.de/wp-content/uploads/2017/07/Pia-Homepage141028-e1639484774301.jpg 141w, http://oekologische-gutachten-handke.de/wp-content/uploads/2017/07/Pia-Homepage141028-e1639484774301-100x100.jpg 100w" sizes="(max-width: 175px) 100vw, 175px" /></p>
<ul>
<li>Diplom-Landschaftsökologin, Studium an den Universitäten<br />Saarbrücken und Münster (Schwerpunkt: Biogeographie,<br />Landschaftsökologie, Geographie, Botanik, Zoologie)</li>
<li>Diplom 1985</li>
<li>Fachgebiete: Büroorganisation, Projektmanagement, Fotografie,<br />sehr gute Sprachkenntnisse in Spanisch und Französisch</li>
</ul>
<h5>Mitgliedschaften:</h5>
<ul>
<li>Gründungsmitglied des Rotary Clubs Hude-Oldenburg 2017</li>
</ul>
<h2><span style="color: #008000;">Mitarbeiter</span></h2>
<h4><strong>Imke Janssen</strong></h4>
<p><img loading="lazy" class="alignnone  wp-image-240" src="http://oekologische-gutachten-handke.de/wp-content/uploads/2018/04/Foto_Imke-e1639485070708-300x300.jpg" alt="" width="175" height="175" srcset="http://oekologische-gutachten-handke.de/wp-content/uploads/2018/04/Foto_Imke-e1639485070708-300x300.jpg 300w, http://oekologische-gutachten-handke.de/wp-content/uploads/2018/04/Foto_Imke-e1639485070708-150x150.jpg 150w, http://oekologische-gutachten-handke.de/wp-content/uploads/2018/04/Foto_Imke-e1639485070708-768x768.jpg 768w, http://oekologische-gutachten-handke.de/wp-content/uploads/2018/04/Foto_Imke-e1639485070708-1024x1024.jpg 1024w, http://oekologische-gutachten-handke.de/wp-content/uploads/2018/04/Foto_Imke-e1639485070708-100x100.jpg 100w" sizes="(max-width: 175px) 100vw, 175px" /></p>
<ul>
<li>B.Sc. Umweltwissenschaften Uni Oldenburg 2015</li>
<li>Angebotserstellung</li>
<li>Büroorganisation</li>
<li>Ornithologische Kartierungen</li>
<li>Amphibienkartierung</li>
<li>GIS</li>
</ul>
<h4><strong>Margarethe Arnswald</strong></h4>
<p><img loading="lazy" class="alignnone  wp-image-348" src="http://oekologische-gutachten-handke.de/wp-content/uploads/2020/09/foto_Margarethe_2020_09_15-e1639485242518-300x300.jpg" alt="" width="175" height="175" srcset="http://oekologische-gutachten-handke.de/wp-content/uploads/2020/09/foto_Margarethe_2020_09_15-e1639485242518-300x300.jpg 300w, http://oekologische-gutachten-handke.de/wp-content/uploads/2020/09/foto_Margarethe_2020_09_15-e1639485242518-150x150.jpg 150w, http://oekologische-gutachten-handke.de/wp-content/uploads/2020/09/foto_Margarethe_2020_09_15-e1639485242518-768x768.jpg 768w, http://oekologische-gutachten-handke.de/wp-content/uploads/2020/09/foto_Margarethe_2020_09_15-e1639485242518-1024x1024.jpg 1024w, http://oekologische-gutachten-handke.de/wp-content/uploads/2020/09/foto_Margarethe_2020_09_15-e1639485242518-100x100.jpg 100w" sizes="(max-width: 175px) 100vw, 175px" /></p>
<ul>
<li>B.Sc. Uni Münster 2020</li>
<li>Personaleinteilung, Projektmangement, Angebotserstellung</li>
<li>Büroorganisation</li>
<li>Ornithologische Kartierungen</li>
<li>Raumnutzungsuntersuchungen</li>
<li>GIS</li>
</ul>
<h4>Fry Seyen</h4>
<p><img loading="lazy" class="alignnone  wp-image-458" src="http://oekologische-gutachten-handke.de/wp-content/uploads/2022/01/Freya-e1641305384138-300x300.jpg" alt="" width="175" height="175" srcset="http://oekologische-gutachten-handke.de/wp-content/uploads/2022/01/Freya-e1641305384138-300x300.jpg 300w, http://oekologische-gutachten-handke.de/wp-content/uploads/2022/01/Freya-e1641305384138-150x150.jpg 150w, http://oekologische-gutachten-handke.de/wp-content/uploads/2022/01/Freya-e1641305384138-768x768.jpg 768w, http://oekologische-gutachten-handke.de/wp-content/uploads/2022/01/Freya-e1641305384138-1024x1024.jpg 1024w, http://oekologische-gutachten-handke.de/wp-content/uploads/2022/01/Freya-e1641305384138.jpg 1208w, http://oekologische-gutachten-handke.de/wp-content/uploads/2022/01/Freya-e1641305384138-100x100.jpg 100w" sizes="(max-width: 175px) 100vw, 175px" /></p>
<ul>
<li>M.Sc. Landschaftsökologie Uni Oldenburg</li>
<li>Ornithologische Kartierungen</li>
<li>Raumnutzungsuntersuchungen</li>
<li>GIS</li>
</ul>
<h4>Bennet Rasche</h4>
<p> </p>
<p><img loading="lazy" class="alignnone  wp-image-239" src="http://oekologische-gutachten-handke.de/wp-content/uploads/2018/04/Foto_Bennet-e1646134990144-300x300.jpg" alt="" width="176" height="176" srcset="http://oekologische-gutachten-handke.de/wp-content/uploads/2018/04/Foto_Bennet-e1646134990144-300x300.jpg 300w, http://oekologische-gutachten-handke.de/wp-content/uploads/2018/04/Foto_Bennet-e1646134990144-150x150.jpg 150w, http://oekologische-gutachten-handke.de/wp-content/uploads/2018/04/Foto_Bennet-e1646134990144-768x768.jpg 768w, http://oekologische-gutachten-handke.de/wp-content/uploads/2018/04/Foto_Bennet-e1646134990144-1024x1024.jpg 1024w, http://oekologische-gutachten-handke.de/wp-content/uploads/2018/04/Foto_Bennet-e1646134990144-100x100.jpg 100w" sizes="(max-width: 176px) 100vw, 176px" /></p>
<ul>
<li>M. Sc. Landschaftsökologie 2019 Uni Oldenburg</li>
<li>Faunistische Kartierungen (Vögel, Amphibien, Reptilien, Laufkäfer, Libellen)</li>
<li>Umweltfachliche Planunterlagen</li>
<li>GIS</li>
</ul>
<p><strong>Leonard Breil</strong></p>
<p><img loading="lazy" class="wp-image-508 alignleft" src="http://oekologische-gutachten-handke.de/wp-content/uploads/2023/05/20230531_144907-300x256.jpg" alt="" width="178" height="152" srcset="http://oekologische-gutachten-handke.de/wp-content/uploads/2023/05/20230531_144907-300x256.jpg 300w, http://oekologische-gutachten-handke.de/wp-content/uploads/2023/05/20230531_144907-1024x875.jpg 1024w, http://oekologische-gutachten-handke.de/wp-content/uploads/2023/05/20230531_144907-768x657.jpg 768w, http://oekologische-gutachten-handke.de/wp-content/uploads/2023/05/20230531_144907-1536x1313.jpg 1536w, http://oekologische-gutachten-handke.de/wp-content/uploads/2023/05/20230531_144907-2048x1751.jpg 2048w" sizes="(max-width: 178px) 100vw, 178px" /></p>
<p> </p>
<p> </p>
<ul>
<li>B.Sc. Landschaftsökologie Uni Münster</li>
<li>Ornithologische Kartierungen</li>
<li>Raumnutzungsuntersuchungen</li>
<li>GIS</li>
</ul>
<p><strong>Ronja Müller</strong></p>
<p><img loading="lazy" class=" wp-image-565 alignleft" src="http://oekologische-gutachten-handke.de/wp-content/uploads/2026/03/Ronja_Mueeller-278x300.jpg" alt="" width="173" height="187" srcset="http://oekologische-gutachten-handke.de/wp-content/uploads/2026/03/Ronja_Mueeller-278x300.jpg 278w, http://oekologische-gutachten-handke.de/wp-content/uploads/2026/03/Ronja_Mueeller-949x1024.jpg 949w, http://oekologische-gutachten-handke.de/wp-content/uploads/2026/03/Ronja_Mueeller-768x829.jpg 768w, http://oekologische-gutachten-handke.de/wp-content/uploads/2026/03/Ronja_Mueeller-1423x1536.jpg 1423w, http://oekologische-gutachten-handke.de/wp-content/uploads/2026/03/Ronja_Mueeller-1897x2048.jpg 1897w" sizes="(max-width: 173px) 100vw, 173px" /></p>
<p> </p>
<p> </p>
<p> </p>
<p> </p>
<p> </p>
<ul>
<li>B.Sc. Umweltwissenschaften Uni Bielefeld</li>
<li>Ornithologische Kartierungen</li>
<li>Raumnutzungsuntersuchungen</li>
<li>GIS</li>
</ul>
<h2><span style="color: #008000;">Freie Mitarbeiter</span></h2>
<h4>Christian Borowski (EDV)</h4>
<h4>Axel Bellmann, Bremen (Käfer)</h4>


<p></p>

<p>Unser Team Firmeninhaber PD Dr. Klaus Handke Diplom-Landschaftsökologe, Studium an den UniversitätenSaarbrücken und Münster (Schwerpunkt Biogeographie,Landschaftsökologie, Geographie, Botanik, Zoologie) Promotion an der WWU Münster 1993 Habilitation an der Universität für Bodenkultur in Wien 2003 Mitgliedschaften Gründungsmitglied des Aktionsbündnis Ganderkesee –Prima Klima Redaktionsmitglied der Zeitschriften &#8222;Naturschutz undLandschaftsplanung&#8220;, &#8222;Bremer Beiträge für Naturkundeund Naturschutz&#8220; und &#8222;Angewandte Carabidologie&#8220; Gründungsmitglied &hellip; </p>
<p class="link-more"><a href="http://oekologische-gutachten-handke.de/?page_id=10" class="more-link"><span class="screen-reader-text">„Team“</span> weiterlesen</a></p>
